4 + 0 + -1 + (6 - 2)?
7
Calculate -9 + -4 - (28 - 43).
2
What is ((4 - -12) + -8 - 4) + 0?
4
(141 - 168) + 24 + -1
-4
What is the value of -6 + -9 + 2 + (-8 - -15) - -7?
1
What is the value of (-1 - 2) + 2 + 62 + -50 - 6?
5
382 + -382 + (0 - -1) + 27 + -8
20
(-3 - -4) + 1 - 16
-14
Calculate (-110 - -138) + (0 - (2 - 0 - -4)).
22
Evaluate -17 - (-5 + -10 + 20 - 9).
-13
(861 - 883) + -3 + 0 + 0
-25
What is -7 + (-15 + (10 - 6) - 1)?
-19
What is the value of -2 + (3 - -2 - 2 - (-4 + 3))?
2
What is the value of (-28 - (19 + -42)) + 33?
28
4 - (7 - -7 - (-3 + -6))
-19
What is -10 - (-2 - (13 + -29))?
-24
Calculate -72 - -61 - (-14 - -2).
1
-5 - (3 + -11 + 11 + 8)
-16
Calculate (-79 - -60) + (-5 - -7).
-17
What is the value of (0 + 1 + 7 - -6) + 8 + -15?
7
14 + (-4 - -3) + -8 + -3 + 10
12
What is the value of (10 - 1) + 2 + 13 + -8?
16
What is -14 + 3 + 17 - 32?
-26
-3 + (1 - (1 + 0)) - (40 - 49)
6
What is 25 - 9 - 6 - 1?
9
Calculate (-6 - -6 - -8) + -3 + 4 + -27.
-18
Calculate (25 - (-2 - -28)) + -1 + -6.
-8
What is -12 - (-4 - ((4 - 5) + -1))?
-10
Calculate (-8 - 1) + (90 - 28) + -12.
41
-4 - (-9 - -9 - (-1 + 11))
6
Evaluate -10 + 1 + (-278 - -289).
2
5 + 0 + 4 + (-6 - -5 - -4)
12
What is 9 + -15 + (13 - (-23 - -12))?
18
Evaluate 0 + (-9 + 3 - -1).
-5
What is the value of 23 + -7 + -24 - (-6 - (0 + 0))?
-2
Calculate -10 - (15 - (-12 - -54)).
17
Calculate (1 - 8) + (18 - 15).
-4
Evaluate 7 + -25 + -3 + 34.
13
Calculate -12 - (13 + -23 + -10) - 8.
0
Calculate 27 - (-39 + 12 + 28).
26
Calculate 5 + -13 + 4 + (-15 - (6 + -4)).
-21
(-14 - (-13 - 5)) + 0 + 8
12
What is the value of (8 - 57 - -10) + 19?
-20
What is 5 - (-16 + (2 - 1 - (4 + -10)))?
14
Calculate (9 - 23) + -6 + 34.
14
Calculate (-1 - -8) + (12 - (35 + (-9 - 6))).
-1
Evaluate 4 - ((-11 - -11) + 18).
-14
Evaluate (25 - 20) + (-1 - 17).
-13
What is 2 + (10 - (6 + -1)) - (25 - 16)?
-2
Calculate 18 + (-10 - (5 + -11 + 5)).
9
Evaluate (-6 + 0 - 0) + -22 + 56 + -35.
-7
-30 + 19 + -13 + 44
20
What is the value of -7 + 14 + 14 + -39 + 8?
-10
What is -3 + ((21 - 17) + (-2 - -7) - 8)?
-2
Evaluate -37 - (9 - 33) - 1.
-14
(22 + -10 - -5) + 2 + -14
5
Calculate 2063 - 2059 - (0 + -5).
9
-3 - ((10 + 3 - 11) + -6) - -25
26
(-5 - -22) + (7 - 3) + -12 - 4
5
4 + (1 + -12 - -7)
0
Evaluate -6 + 7 + -7 + 0 - 13.
-19
What is the value of (188 - 211) + (1 - -11)?
-11
What is the value of 10 - 3 - -11 - (14 + -15)?
19
Calculate (4 - (1 + -20 - -3)) + 5 + -11.
14
Calculate (-1 - -13) + (-106 - -87) + -13.
-20
What is 11 - 0 - (6 + -3 + (-1 - 1))?
10
0 - ((7 - -4 - 10 - 9) + 19)
-11
Evaluate 18 + (13 + 0 - 44).
-13
What is 6 - (-14 + 5) - 11?
4
Evaluate (-68 - -35) + 41 + -16.
-8
Calculate -12 + -2 + -3 + 2 - (17 - 12).
-20
What is the value of (6 - 17) + 6 + 6?
1
43 + (20 - 35) - 14
14
Calculate -16 + (-9 - -8 - -11) + -6.
-12
Calculate -3 + 1 + 3 + 16 - (-39 + 45).
11
Calculate (-7 - -12) + -3 + -4 - -15.
13
-18 - (-17 - 3) - (0 - 0)
2
Evaluate (8 - -1) + -1 + 1.
9
1554 + -1553 - (2 - 0 - (6 - 0))
5
What is the value of 2 + 32 + (-49 + 32 - -3)?
20
17 + -14 + 4 + -4 + 4
7
Evaluate -9 - 0 - (-49 - -49) - (-34 + 1).
24
Calculate 0 + 5 + (-7 + -11 - -11) - 4.
-6
Evaluate 414 - 445 - ((0 - 3) + -1 + 8).
-35
What is the value of 0 - (25 + -13 + 15)?
-27
What is 12 + -1 - (-22 - -29) - -2?
6
Calculate -5 - -4 - (5 + 8 + -7 - 11).
4
Evaluate -9 + 2 - 3 - -13 - -6.
9
What is the value of 1 + 3 + 0 + -1 + -4 + -7?
-8
Evaluate -18 + (8 - 9 - (0 + -1)).
-18
What is -5 + 1 + -1 - (26 - 21)?
-10
What is -15 - (-15 + 3) - -17 - (-2 - 3)?
19
What is the value of (7 - 0 - (22 + -7)) + 8?
0
((-10 - 13) + 17 - 0) + -20
-26
Calculate (2 - 4) + -1 + 5 - (392 - 385).
-5
59 + -62 + (-2 + 6 - (-2 - -3))
0
8 + 1 - ((-42 - -9) + 50)
-8
Calculate -5 + (-6 - (-21 + (11 - 5))) + 15.
19
Calculate -3 - (16 + (2 - 16 - 37)).
32
Calculate 11 + -10 + (-1 - 5 - -9) - 6.
-2
What is the value of (1 - -9 - 9) + -9 + 22?
14
-2 - ((8 - (10 + -1)) + 3 + -1)
-3
What is the value of (-3 - (0 + -3)) + (-6 - 0) + 22?
16
Evaluate (3 - 5 - -23) + -10 + -13.
-2
What is the value of -1 + 8 - 2 - (63 + -24 + -33)?
-1
What is -261 - -234 - (-44 - -1)?
16
Calculate -14 - 1 - ((4 - -7) + (-12 - 2)).
-12
Evaluate 3 + (25 - (24 - 9)).
13
8 + -8 + -1 + -6 + -2 + 4
-5
What is -1 + -2 - (1 - 10 - -7) - 1?
-2
-4 - (-4 - (3 - -15))
18
10 - (6 - 1 - -4 - (-1 + 3))
3
(5 - 0 - 2 - (-28 + 25)) + 1
7
122 + -124 - (1 + 14 + -4 + 3)
-16
Calculate -3 + -7 + 14 - 13 - (-29 - 2).
22
What is (-22 - -1) + 125 + -113 + (0 - -1)?
-8
Calculate 7 - (-8 - -3) - 14.
-2
What is the value of 9 - (-7 + 17) - (-1 - -3 - 10)?
7
What is 146 - 106 - (-1 + 61)?
-20
Calculate 9 + (-9 - -9 - 1) - -11.
19
Evaluate (1 - 17) + (6 + -1 - (-30 + 28)).
-9
What is 8 + 13 + -10 + 1 + 7?
19
Evaluate -7 + (8 - 14 - -5).
-8
(-32 - -9) + 9 + 2
-12
21 + -21 + (-5 - -4 - 0) + -6
-7
6 + -1 - (-3 - -1 - -7)
0
Calculate 1 + -1 + -1 + (-4 - (-7 - 14)).
16
What is the value of 5 + 4 + -7 + (2 - -4)?
8
What is 30 - 25 - (2 - (-9 - -4))?
-2
Evaluate -5 - (8 + (0 - 11)).
-2
-4 + 0 - (100 + -124 + (1 - -5))
14
Evaluate (4 - ((0 - 2) + -1)) + -7 + -20.
-20
Evaluate 25 + (-2 - -2) + -9 + (27 - 25).
18
-2 + 0 + 7 + (-10 - -21) + -13
3
Evaluate -1 + 8 + (7 - 14) - (-3 - 7).
10
What is the value of -1 - (-1 + 2 + -6) - (1 + 5)?
-2
(-6 - -4) + -6 - (-4 - 20)
16
(-20 - 1) + (11 + -11 - 15 - -14)
-22
What is the value of 13 - 8 - (-1 - -14)?
-8
9 + (-8 - -26 - (-11 + 3 + 10))
25
Calculate 6 - (20 + -23 - (2 - -2) - -13).
0
What is the value of 209 + -213 + 2 + 1 + -1 - -4?
2
What is -15 + 4 + (-3 - -9)?
-5
Evaluate (14 + -22 - -8) + -2.
-2
What is the value of -30 + (6 - (5 + (3 - -4)) - 0)?
-36
Calculate -207 - -208 - (0 - -13).
-12
Calculate 8 - (-2 - (-15 + -24 + 11)).
-18
Evaluate 339 + -339 + (-1 - 9).
-10
What is the value of 13 + (-5 - ((9 - 8) + -3))?
10
Calculate (7 + -10 - 3 - -8) + -3.
-1
What is (19 - -4) + -33 - 1?
-11
Evaluate (-18 - 1) + (72 + -10 - 14).
29
What is (-12 - -2) + 10 + (-8 - -12)?
4
What is 3 + (2 - (0 - -2)) - 15?
-12
Evaluate 0 - -3 - (-13 - (-13 + -17 - 1)).
-15
What is the value of (-2 - (-28 - -65)) + (-3 - -1 - -7)?
-34
8 + -2 + -1 + 67 + -58
14
What is (-10 + (4 - (-7 - -7)) - 0) + 21?
15
Calculate 14 + -7 + (-11 - -24).
20
Calculate 17 + -2 + 0 + -4 - (10 + -10).
11
What is 2 + 11 + 5 + (14 - (-4 + 14))?
22
What is (-317 - -324) + 1 + -8?
0
(3 - 6) + (14 - 10)
1
Calculate (14 - (2 + 1)) + 7 + -12 + -2.
4
What is the value of 0 + -10 - (-243 - -218)?
15
Evaluate -3 - -5 - 2 - (-10 - -4) - -7.
13
-10 - (-3 + (-2 - -1) - 8)
2
What is the value of -16 + 5 + 28 + -7?
10
3 + 72 + (-888 - -840)
27
Calculate 8 - (15 - (-8 + (25 - 8))).
2
What is (-5 - -39) + (-6 - 10) - -15?
33
Calculate -3 + (-15 - (-13 + 1 + 3)).
-9
Calculate -4 + 0 + (2 - -21 - 4).
15
What is 26 - (3 + 2 + 11 + -18 + 1)?
27
Calculate (20 - 26) + (13 - 0).
7
What is 17 + (24 - 36) + (-7 - -1)?
-1
7 + -37 + 33 - ((-3 - -6) + -5)
5
What is the value of (-5 - (-7 - (-5 + 4)) - -3) + 5?
9
What is the value of -13 + 7 + -8 + 8?
-6
Calculate -18 + (-29 - -23) + 35.
11
Calculate 2 + (8 - (2 + 8 + -15)).
15
What is -25 + -19 + 29 - -4?
-11
What is the value of (-23 - -34) + (10 - 5 - 8 - 26)?
-18
What is -2 - 0 - (-8 + 0) - (546 - 540)?
0
Calculate 1 + 2 + (8 - (1 - (7 + -9))).
8
What is the value of -3 - (-10 + 0 + -7 + 6)?
8
Calculate (22 + -7 - -20) + -13.
22
Evaluate 10 + (4 - (-5 - -3 - -6)).
10
Calculate 18 + -17 + (-18 - -10).
-7
(-5 - (33 - -8)) + 29
-17
What is -1 + 16 + -1 + (-14 - -14) + -2?
12
What is -22 + -1 - (522 + -536)?
-9
(-2 - -14 - 23) + 3 + 3
-5
15 + -22 + (-10 - -35)
18
Calculate -5 - (-27 - (-1 + -23)).
-2
(-4 - 1) + (21 + -16 - 1)
-1
What is (10 + -11 - (-1 + (-2 - 2))) + -3?
1
What is the value of 1 + 4 + 1 + (4 + -15 - -3)?
-2
-14 + (20 - 42 - -43)
7
Calculate -1 + 6 + 8 + -6 + -13 + 6.
0
What is 3 - (72 + -37 - 44)?
12
What is -5 + -3 + 7 + -8 + 4?
-5
(-22 - -23) + (14 - (-2 - -2) - 2)
13
Evaluate (-14 - -10) + 0 + 13.
9
What is -6 - (-3 - -4) - (15 + 13 + -39)?
4
What is 3 - 9 - -9 - ((19 - 4) + 0)?
-12
What is -34 + 20 + 12 + 1 + 1?
0
Evaluate (-3 - (18 + -14)) + 17 - 5.
5
What is (-4 - -5 - 7) + -4 + 22 + -3?
9
Calculate 38 + -2 + -12 + -11.
13
Evaluate (-3 - (-12 + -1 + 6 + 3)) + 5.
6
Evaluate (7 - 13) + 